alse
Is 6 a factor of 341051?
False
Does 67 divide 2334280?
True
Does 79 divide 2624349?
False
Is 8 a factor of 116077?
False
Is 59400 a multiple of 110?
True
Does 362 divide 1048352?
True
Does 15 divide 112815?
True
Is 8 a factor of 7238?
False
Is 57833 a multiple of 18?
False
Does 9 divide 655236?
True
Does 147 divide 683343?
False
Is 627468 a multiple of 15?
False
Does 25 divide 29119864?
False
Is 17820 a multiple of 165?
True
Does 75 divide 1455800?
False
Does 22 divide 288753?
False
Does 5 divide 112811?
False
Is 130340 a multiple of 70?
True
Is 227022 a multiple of 71?
False
Does 101 divide 2431575?
True
Is 32 a factor of 307060?
False
Is 6020 a multiple of 226?
False
Is 49361 a multiple of 229?
False
Is 5 a factor of 1016887?
False
Is 185 a factor of 56240?
True
Is 85 a factor of 106628?
False
Is 277 a factor of 8362907?
True
Does 377 divide 116493?
True
Is 137555 a multiple of 55?
True
Is 189108 a multiple of 11?
False
Does 13 divide 4725642?
False
Is 55 a factor of 39765?
True
Does 423 divide 964863?
True
Does 12 divide 2015840?
False
Does 31 divide 233943?
False
Is 493 a factor of 569908?
True
Is 545680 a multiple of 19?
True
Does 7 divide 102963?
True
Is 16461530 a multiple of 252?
False
Does 54 divide 221389?
False
Does 17 divide 250648?
True
Is 571 a factor of 20592619?
False
Does 328 divide 2823096?
True
Does 15 divide 473880?
True
Does 15 divide 64055?
False
Does 20 divide 1423300?
True
Does 52 divide 1372228?
True
Is 810030 a multiple of 78?
True
Does 288 divide 106664?
False
Is 40 a factor of 24280?
True
Is 27924 a multiple of 78?
True
Is 34310 a multiple of 83?
False
Does 237 divide 175854?
True
Is 121905 a multiple of 45?
True
Is 189 a factor of 198261?
True
Is 1753902 a multiple of 18?
True
Is 13805 a multiple of 43?
False
Does 3 divide 1785343?
False
Is 79 a factor of 21409?
True
Is 757305 a multiple of 19?
False
Is 173209 a multiple of 871?
False
Does 14 divide 322153?
False
Does 197 divide 35513?
False
Does 82 divide 389336?
True
Is 61457 a multiple of 3?
False
Does 13 divide 1290835?
True
Does 5 divide 366135?
True
Is 242 a factor of 7318580?
False
Is 606099 a multiple of 221?
False
Is 604 a factor of 16097808?
True
Is 1734 a multiple of 3?
True
Does 26 divide 2923882?
True
Does 36 divide 208512?
True
Is 48 a factor of 17226672?
True
Does 35 divide 23555?
True
Is 11 a factor of 420279?
False
Does 40 divide 1331680?
True
Does 405 divide 2586785?
False
Is 2879612 a multiple of 45?
False
Does 104 divide 4371576?
False
Does 1560 divide 28985141?
False
Is 109275 a multiple of 63?
False
Does 151 divide 3164809?
True
Is 324 a factor of 2051959?
False
Is 46592 a multiple of 52?
True
Is 11066 a multiple of 19?
False
Is 67613 a multiple of 13?
True
Is 21 a factor of 1139376?
True
Does 71 divide 142?
True
Does 34 divide 675275?
False
Is 493377 a multiple of 71?
False
Is 1840625 a multiple of 103?
False
Does 85 divide 593045?
True
Is 3337116 a multiple of 214?
True
Does 105 divide 4418489?
False
Is 88 a factor of 74360?
True
Does 315 divide 278291?
False
Does 990 divide 632610?
True
Is 347536 a multiple of 218?
False
Does 974 divide 10832201?
False
Is 663734 a multiple of 7?
False
Does 444 divide 1121100?
True
Is 136 a factor of 51092?
False
Is 179219 a multiple of 55?
False
Does 28 divide 1726144?
True
Is 99 a factor of 43616?
False
Does 19 divide 11705098?
False
Does 19 divide 5124082?
False
Does 90 divide 96030?
True
Does 26 divide 2070027?
False
Is 268 a factor of 1222348?
True
Does 37 divide 24160?
False
Is 4 a factor of 196560?
True
Is 8 a factor of 147472?
True
Does 206 divide 127720?
True
Is 37 a factor of 2566394?
True
Is 2767238 a multiple of 450?
False
Does 56 divide 3416?
True
Is 59 a factor of 790482?
True
Is 546 a factor of 3164070?
True
Is 31 a factor of 1726474?
False
Does 317 divide 1308043?
False
Does 167 divide 6617145?
False
Is 61760 a multiple of 4?
True
Does 16 divide 22782?
False
Is 19 a factor of 4546016?
True
Is 5 a factor of 7065598?
False
Does 9 divide 3636910?
False
Is 15 a factor of 7328580?
True
Is 1045520 a multiple of 80?
True
Is 160 a factor of 3367040?
True
Is 3487344 a multiple of 21?
True
Is 5 a factor of 22650?
True
Does 3 divide 116503?
False
Is 9 a factor of 1729618?
False
Is 13845073 a multiple of 13?
False
Is 568247 a multiple of 164?
False
Does 7 divide 4000?
False
Does 36 divide 2822?
False
Is 7 a factor of 155267?
True
Is 1022352 a multiple of 236?
True
Does 554 divide 1046675?
False
Does 149 divide 1270523?
True
Is 39029 a multiple of 5?
False
Is 32 a factor of 62019?
False
Is 332381 a multiple of 251?
False
Is 51012 a multiple of 78?
True
Is 434208 a multiple of 32?
True
Is 260 a factor of 95940?
True
Is 634 a factor of 4306617?
False
Is 899910 a multiple of 90?
True
Is 7 a factor of 416570?
True
Is 1060 a factor of 1861228?
False
Is 263435 a multiple of 295?
True
Is 29 a factor of 342809?
True
Is 308157 a multiple of 208?
False
Is 830601 a multiple of 27?
True
Is 346078 a multiple of 9?
False
Is 4519690 a multiple of 1060?
False
Does 10 divide 13891730?
True
Is 2153756 a multiple of 22?
True
Is 171 a factor of 1161261?
True
Is 169 a factor of 383715?
False
Is 12068091 a multiple of 1357?
False
Is 79589 a multiple of 91?
False
Is 16 a factor of 139279?
False
Is 20 a factor of 143580?
True
Does 12 divide 21869?
False
Is 941014 a multiple of 34?
False
Does 96 divide 264288?
True
Is 158564 a multiple of 49?
True
Is 1770006 a multiple of 119?
True
Does 1791 divide 10654659?
True
Is 375818 a multiple of 244?
False
Does 37 divide 323861?
True
Is 8 a factor of 77059?
False
Is 1541160 a multiple of 668?
False
Does 141 divide 95210?
False
Is 33 a factor of 901098?
True
Does 80 divide 13920?
True
Is 664484 a multiple of 587?
True
Is 137 a factor of 765498?
False
Does 14 divide 1641284?
False
Does 239 divide 149458?
False
Is 37586 a multiple of 3?
False
Does 48 divide 139968?
True
Is 56 a factor of 237108?
False
Is 503673 a multiple of 21?
False
Does 57 divide 92055?
True
Does 265 divide 1448948?
False
Is 3483810 a multiple of 69?
True
Is 81 a factor of 219105?
True
Does 27 divide 12357052?
False
Does 14 divide 275238?
False
Is 71 a factor of 5396852?
True
Is 26 a factor of 3761774?
False
Is 29569 a multiple of 13?
False
Is 331419 a multiple of 363?
True
Does 112 divide 389953?
False
Does 19 divide 2221348?
False
Is 127 a factor of 2264543?
False
Is 188976 a multiple of 24?
True
Does 1683 divide 2691117?
True
Is 58580 a multiple of 10?
True
Is 147635 a multiple of 291?
False
Is 356 a factor of 32040?
True
Is 2090329 a multiple of 293?
False
Is 3 a factor of 122692?
False
Is 14258751 a multiple of 1191?
False
Is 2479250 a multiple of 422?
True
Does 11 divide 1123863?
False
Is 266 a factor of 703038?
True
Is 129 a factor of 327267?
False
Is 277548 a multiple of 83?
False
Is 11 a factor of 6501?
True
Is 95342 a multiple of 4?
False
Does 416 divide 135616?
True
Is 779264 a multiple of 429?
False
Does 513 divide 475551?
True
Does 792 divide 924310?
False
Does 7 divide 197253?
True
Is 181248 a multiple of 10?
False
Is 398352 a multiple of 516?
True
Is 191185 a multiple of 106?
False
Is 31 a factor of 10640249?
False
Is 159674 a multiple of 7?
False
Is 6 a factor of 90594?
True
Is 597 a factor of 11031366?
True
Does 265 divide 7578660?
False
Does 6 divide 287543?
False
Does 6 divide 35664?
True
Is 2 a factor of 130016?
True
Is 3 a factor of 9054?
True
Does 176 divide 3611872?
True
Is 66 a factor of 41001?
False
Is 52 a factor of 7891587?
False
Is 64064 a multiple of 7?
True
Does 82 divide 506263?
False
Is 59 a factor of 165377?
True
Is 45 a factor of 1215?
True
Is 1830855 a multiple of 13?
True
Is 1249264 a multiple of 4?
True
Is 139 a factor of 96070?
False
Is 749315 a multiple of 553?
True
Is 17 a factor of 2338072?
False
Does 355 divide 177621?
False
Is 802449 a multiple of 489?
True
Is 57 a factor of 132639?
True
Is 220089 a multiple of 487?
False
Does 16 divide 1448352?
True
Does 13 divide 255190?
True
Is 8459180 a multiple of 394?
True
Is 138756 a multiple of 26?
False
Is 25 a factor of 6970075?
True
Does 703 divide 350797?
True
Is 35 a factor of 427631?
False
Is 60880 a multiple of 16?
True
Is 61 a factor of 48189?
False
Is 348 a factor of 31175232?
True
Is 164151 a multiple of 9?
True
Is 14 